e 4, what is 22133311231 - 3?
22133311222
In base 10, what is -6671 - -129?
-6542
In base 5, what is 10 + -423210?
-423200
In base 13, what is -49 + abc6?
ab7a
In base 3, what is -1012110 - -122?
-1011211
In base 7, what is 3136 + 232?
3401
In base 7, what is 1 - 145505?
-145504
In base 6, what is 231 + 35555?
40230
In base 14, what is -7d9d - -1?
-7d9c
In base 14, what is -d2 - 679?
-76b
In base 12, what is 148 + 111a?
1266
In base 3, what is 201102 - -21002222?
21211101
In base 15, what is 3 - -2331b?
2331e
In base 10, what is 3 + -10708?
-10705
In base 16, what is 2 - 4091?
-408f
In base 9, what is -70 - -115?
35
In base 5, what is 12211 - 1114?
11042
In base 16, what is -610 + -51e?
-b2e
In base 9, what is -2 - 4154321?
-4154323
In base 15, what is -4 + 83e3?
83de
In base 7, what is -10613 - 6?
-10622
In base 16, what is ffe + 1b?
1019
In base 5, what is 32344242 + -3?
32344234
In base 16, what is -3 - 23de?
-23e1
In base 16, what is 591 + -1a?
577
In base 13, what is -1653b - 13?
-16551
In base 8, what is 11 - -105163?
105174
In base 3, what is 20220200020 - 12?
20220200001
In base 14, what is -6a1 - -96d?
2ac
In base 6, what is -1354120244 - 2?
-1354120250
In base 6, what is -233 - 3000?
-3233
In base 13, what is 200 + 72c?
92c
In base 12, what is 289 + -264?
25
In base 9, what is -50375 + -1?
-50376
In base 9, what is -81222 - -1?
-81221
In base 7, what is 4165463 - 2?
4165461
In base 7, what is 1124 + -13?
1111
In base 3, what is 1 - -102000102?
102000110
In base 11, what is 27 - 12444?
-12418
In base 16, what is -7e9 - 28?
-811
In base 12, what is 116b6 + 5?
116bb
In base 2, what is 0 + -100001000100100100011?
-100001000100100100011
In base 11, what is 30 - -505?
535
In base 11, what is a75 + 214?
1189
In base 13, what is 918 + 5?
920
In base 3, what is -1000200212 - 111?
-1000201100
In base 16, what is 5c - -101b1?
1020d
In base 16, what is 1334 - 6c?
12c8
In base 7, what is -6 + 12602?
12563
In base 14, what is 1 + 1cd72?
1cd73
In base 15, what is -100 - 59e?
-69e
In base 3, what is 11 + -10101122001?
-10101121220
In base 4, what is -111 + -23220?
-23331
In base 6, what is -51 - -2331?
2240
In base 8, what is -3 - 26671?
-26674
In base 13, what is -4 + -1448?
-144c
In base 9, what is 474165 + -4?
474161
In base 11, what is 17 - -124?
140
In base 12, what is -2 + -522a?
-5230
In base 6, what is 114233 - 120?
114113
In base 8, what is 7606 - 66?
7520
In base 11, what is 335 - 1020?
-796
In base 11, what is -212 - -153?
-6a
In base 4, what is -30201323213 + -3?
-30201323222
In base 11, what is 1 + 23211?
23212
In base 3, what is 21 - 221102?
-221011
In base 12, what is -9 + 4331?
4324
In base 8, what is -1510 - -2302?
572
In base 7, what is -622134 - 1?
-622135
In base 7, what is -143 + -16604?
-20050
In base 13, what is 1b - -362?
380
In base 12, what is 1037b1 + 5?
1037b6
In base 3, what is 2 + -102112211020?
-102112211011
In base 9, what is -1681567 + 5?
-1681562
In base 2, what is -100101 - -101101000?
101000011
In base 8, what is -360 - -31075?
30515
In base 12, what is -7 - 27?
-32
In base 9, what is 5 - 44725?
-44720
In base 12, what is -3 + 27021?
2701a
In base 3, what is 100002 + -112022?
-12020
In base 14, what is 16 + -4738?
-4722
In base 8, what is -6 + -673653?
-673661
In base 16, what is -12b9 - 57?
-1310
In base 15, what is -1872e3 - -1?
-1872e2
In base 11, what is -26a3a + 4?
-26a36
In base 16, what is 240e - 2?
240c
In base 10, what is -189 + -704?
-893
In base 7, what is -14 + -4655?
-5002
In base 7, what is 4 - 2255013?
-2255006
In base 2, what is -1000 + 1100100101111001?
1100100101110001
In base 7, what is 32 + 5406?
5441
In base 2, what is -100111100110111101000 + -10?
-100111100110111101010
In base 12, what is -301914 + -2?
-301916
In base 12, what is 20 + 1268?
1288
In base 11, what is 3 + 22606?
22609
In base 8, what is 2 - 15631?
-15627
In base 3, what is -2 - 111100000000?
-111100000002
In base 6, what is -3 + -1021302?
-1021305
In base 15, what is 23 + -8a9?
-886
In base 8, what is 133344 + -4?
133340
In base 5, what is 4 - -1442112?
1442121
In base 3, what is 1122201000020 - -10?
1122201000100
In base 14, what is 1 - -2873?
2874
In base 8, what is -356 - 55072?
-55450
In base 5, what is 4211 - -2134?
11400
In base 7, what is -13 + -214565?
-214611
In base 7, what is -16324 + 6?
-16315
In base 10, what is 7105 - -13?
7118
In base 2, what is -101 + -1010000101000011?
-1010000101001000
In base 16, what is -1 - -1204?
1203
In base 2, what is -1001011 + 11000110011001?
11000101001110
In base 14, what is 3 - a42a0?
-a429b
In base 2, what is -1010110 - 1011000?
-10101110
In base 5, what is -40 + -11204?
-11244
In base 7, what is 55024 + -542?
54152
In base 11, what is 7 - -6298?
62a4
In base 5, what is -1 - 142041012?
-142041013
In base 9, what is -21884 - -2?
-21882
In base 8, what is -1000 - -603?
-175
In base 4, what is -1030 - 113120?
-120210
In base 8, what is 74 + 4776?
5072
In base 13, what is -5a2b - -3a?
-59c1
In base 15, what is -d + -15d?
-16b
In base 13, what is 105b6c - 4?
105b68
In base 16, what is -10b7 - -6?
-10b1
In base 5, what is 20120320 - -14?
20120334
In base 4, what is -1 - 20030130?
-20030131
In base 3, what is -2 + -10211012022?
-10211012101
In base 12, what is 567 + -62?
505
In base 13, what is 4236 + -b5?
4151
In base 5, what is 30 - 4342?
-4312
In base 10, what is -2 + -113772?
-113774
In base 15, what is -3 + 10709?
10706
In base 4, what is 303 - 1311?
-1002
In base 9, what is -5 - 658253?
-658258
In base 10, what is -28 - -1169?
1141
In base 12, what is -48 + 23a27?
2399b
In base 13, what is -103014 - 4?
-103018
In base 16, what is b93f - 2e?
b911
In base 13, what is -3 + 3128?
3125
In base 3, what is 210210211 + 11?
210210222
In base 8, what is 301 - 52?
227
In base 12, what is -74 + -1b85?
-2039
In base 3, what is 12 + -211211210?
-211211121
In base 2, what is 1010000000 - -100110010011?
110000010011
In base 11, what is -260154 + -5?
-260159
In base 3, what is 12011121222 - 11?
12011121211
In base 2, what is -1100000 - -11011000010011?
11010110110011
In base 5, what is 233 - -2024?
2312
In base 4, what is -12 - -3012002?
3011330
In base 13, what is -a - -143c?
1432
In base 5, what is 4012 + 111103?
120120
In base 15, what is -c3a - -87?
-ba3
In base 3, what is 100012001 + -1011000?
22001001
In base 16, what is 5 + 3c60a?
3c60f
In base 4, what is -3130 + -3133?
-12323
In base 12, what is 12 + -1a56?
-1a44
In base 9, what is 3 + 208822?
208825
In base 10, what is -1562 - -16?
-1546
In base 14, what is -6c798 + -5?
-6c79d
In base 15, what is -4 + -355b?
-3560
In base 5, what is -14234421 - -131?
-14234240
In base 3, what is -220 + -12012121?
-12020111
In base 12, what is 3 - 1419?
-1416
In base 4, what is 0 - 13212022?
-13212022
In base 14, what is 1ba78 + 6?
1ba80
In base 8, what is -5033 - 102?
-5135
In base 16, what is -3 - 90dd?
-90e0
In base 11, what is -26a8 + -2?
-26aa
In base 13, what is a327 - 3?
a324
In base 10, what is -6 + 9954?
9948
In base 4, what is -1022303321 - 11?
-1022303332
In base 13, what is 170 + 1881?
1a21
In base 12, what is -8 + -694?
-6a0
In base 12, what is 6 - 10a?
-104
In base 3, what is -12 - -10101222021?
10101222002
In base 9, what is 802 - 2301?
-1388
In base 6, what is 2341331 - -4?
2341335
In base 13, what is -4487 + 117?
-4370
In base 5, what is 10320132 - -3?
10320140
In base 3, what is 1000021011121 + 2?
1000021011200
In base 16, what is 34 - 116?
-e2
In base 9, what is 1 - -3070400?
3070401
In base 2, what is 11111110010101101100 + 101?
11111110010101110001
In base 15, what is -8 - 10b?
-114
In base 14, what is 7a + -20b2?
-2036
In base 15, what is -2936db + 3?
-2936d8
In base 5, what is -4 + -1242112?
-1242121
In base 14, what is -31 - -11dd5?
11da4
In base 11, what is 24986 - -5?
24990
In base 4, what is 21012 - 310?
20102
In base 16, what is 5 - 952a?
-9525
In base 14, what is -23d - 73?
-2b2
In base 9, what is 48 - 276?
-227
In base 10, what is -52 + -5156?
-5208
In base 9, what is -11 - -85851?
85840
In base 8, what is -110411 - -51?
-110340
In base 3, what is -1000221101 - 21?
-1000221122
In base 14, what is -5 + 116d?
1168
In base 14, what is 10 + -4780a?
-477da
In base 8, what is -3127 + 1277?
-1630
In base 14, what is -1c + 543?
525